e the prime factors of 11661?
3, 13, 23
List the prime factors of 323.
17, 19
What are the prime factors of 3923?
3923
List the prime factors of 41118.
2, 3, 7, 11, 89
What are the prime factors of 697?
17, 41
List the prime factors of 1181.
1181
What are the prime factors of 81004?
2, 7, 11, 263
List the prime factors of 160946.
2, 80473
What are the prime factors of 13087?
23, 569
What are the prime factors of 2926?
2, 7, 11, 19
What are the prime factors of 66140?
2, 5, 3307
What are the prime factors of 46167?
3, 11, 1399
List the prime factors of 877.
877
List the prime factors of 46267.
13, 3559
List the prime factors of 1171.
1171
List the prime factors of 3969.
3, 7
What are the prime factors of 27527?
27527
List the prime factors of 182483.
7, 131, 199
List the prime factors of 5463.
3, 607
List the prime factors of 3867.
3, 1289
List the prime factors of 1399.
1399
List the prime factors of 6683.
41, 163
List the prime factors of 257.
257
What are the prime factors of 10446?
2, 3, 1741
List the prime factors of 148777.
37, 4021
What are the prime factors of 1824?
2, 3, 19
What are the prime factors of 5170?
2, 5, 11, 47
List the prime factors of 22783.
22783
What are the prime factors of 15755?
5, 23, 137
List the prime factors of 3071.
37, 83
List the prime factors of 3936.
2, 3, 41
List the prime factors of 854.
2, 7, 61
List the prime factors of 131668.
2, 32917
List the prime factors of 65.
5, 13
List the prime factors of 1452.
2, 3, 11
List the prime factors of 11519.
11519
What are the prime factors of 27063?
3, 31, 97
What are the prime factors of 3730?
2, 5, 373
List the prime factors of 49073.
31, 1583
What are the prime factors of 73005?
3, 5, 31, 157
What are the prime factors of 4157?
4157
List the prime factors of 250.
2, 5
What are the prime factors of 107280?
2, 3, 5, 149
What are the prime factors of 42176?
2, 659
List the prime factors of 23962.
2, 11981
List the prime factors of 3099.
3, 1033
List the prime factors of 7074.
2, 3, 131
What are the prime factors of 11996?
2, 2999
List the prime factors of 55.
5, 11
What are the prime factors of 2808?
2, 3, 13
What are the prime factors of 2342?
2, 1171
What are the prime factors of 459?
3, 17
What are the prime factors of 13479?
3, 4493
What are the prime factors of 851?
23, 37
List the prime factors of 548.
2, 137
What are the prime factors of 27498?
2, 3, 4583
List the prime factors of 55496.
2, 7, 991
What are the prime factors of 11192?
2, 1399
List the prime factors of 611.
13, 47
What are the prime factors of 2411?
2411
List the prime factors of 13705.
5, 2741
List the prime factors of 940.
2, 5, 47
What are the prime factors of 2105?
5, 421
List the prime factors of 1141.
7, 163
List the prime factors of 14915.
5, 19, 157
List the prime factors of 4426.
2, 2213
What are the prime factors of 45008?
2, 29, 97
List the prime factors of 1190.
2, 5, 7, 17
List the prime factors of 1325.
5, 53
What are the prime factors of 10536?
2, 3, 439
List the prime factors of 163684.
2, 151, 271
List the prime factors of 8030.
2, 5, 11, 73
What are the prime factors of 580?
2, 5, 29
List the prime factors of 191.
191
List the prime factors of 7326.
2, 3, 11, 37
What are the prime factors of 695?
5, 139
List the prime factors of 27792.
2, 3, 193
List the prime factors of 6430.
2, 5, 643
List the prime factors of 703.
19, 37
List the prime factors of 16630.
2, 5, 1663
What are the prime factors of 3027?
3, 1009
What are the prime factors of 13567?
13567
What are the prime factors of 417?
3, 139
What are the prime factors of 2228?
2, 557
What are the prime factors of 1797?
3, 599
What are the prime factors of 89769?
3, 23, 1301
What are the prime factors of 29036?
2, 7, 17, 61
What are the prime factors of 83816?
2, 10477
List the prime factors of 766.
2, 383
What are the prime factors of 5223?
3, 1741
List the prime factors of 1529.
11, 139
What are the prime factors of 11527?
11527
What are the prime factors of 1338?
2, 3, 223
List the prime factors of 1880.
2, 5, 47
List the prime factors of 133035.
3, 5, 7, 181
What are the prime factors of 1241?
17, 73
What are the prime factors of 83912?
2, 17, 617
What are the prime factors of 1037?
17, 61
List the prime factors of 4260.
2, 3, 5, 71
What are the prime factors of 101638?
2, 89, 571
What are the prime factors of 5995?
5, 11, 109
List the prime factors of 3607.
3607
List the prime factors of 124.
2, 31
What are the prime factors of 4540?
2, 5, 227
List the prime factors of 23856.
2, 3, 7, 71
What are the prime factors of 3579?
3, 1193
What are the prime factors of 1050?
2, 3, 5, 7
What are the prime factors of 38816?
2, 1213
What are the prime factors of 1028?
2, 257
What are the prime factors of 3072?
2, 3
What are the prime factors of 10639?
10639
List the prime factors of 34031.
34031
List the prime factors of 3721.
61
What are the prime factors of 7991?
61, 131
List the prime factors of 2263.
31, 73
What are the prime factors of 990?
2, 3, 5, 11
What are the prime factors of 1603?
7, 229
List the prime factors of 83342.
2, 7, 5953
List the prime factors of 820.
2, 5, 41
List the prime factors of 1580.
2, 5, 79
List the prime factors of 7137.
3, 13, 61
What are the prime factors of 4185?
3, 5, 31
List the prime factors of 24501.
3, 8167
List the prime factors of 498.
2, 3, 83
List the prime factors of 125.
5
List the prime factors of 690.
2, 3, 5, 23
List the prime factors of 60920.
2, 5, 1523
List the prime factors of 29676.
2, 3, 2473
List the prime factors of 5902.
2, 13, 227
What are the prime factors of 7634?
2, 11, 347
List the prime factors of 19787.
47, 421
List the prime factors of 3302.
2, 13, 127
What are the prime factors of 10392?
2, 3, 433
List the prime factors of 36711.
3, 4079
What are the prime factors of 76478?
2, 38239
What are the prime factors of 763?
7, 109
List the prime factors of 39031.
23, 1697
What are the prime factors of 586?
2, 293
What are the prime factors of 4?
2
What are the prime factors of 2672?
2, 167
What are the prime factors of 784?
2, 7
What are the prime factors of 23377?
97, 241
List the prime factors of 32862.
2, 3, 5477
What are the prime factors of 3403?
41, 83
List the prime factors of 8246.
2, 7, 19, 31
What are the prime factors of 27892?
2, 19, 367
List the prime factors of 1343.
17, 79
What are the prime factors of 42173?
181, 233
What are the prime factors of 30914?
2, 13, 29, 41
What are the prime factors of 14590?
2, 5, 1459
What are the prime factors of 3066?
2, 3, 7, 73
What are the prime factors of 10914?
2, 3, 17, 107
What are the prime factors of 11766?
2, 3, 37, 53
What are the prime factors of 6988?
2, 1747
List the prime factors of 652.
2, 163
List the prime factors of 241.
241
What are the prime factors of 9359?
7, 191
List the prime factors of 9316.
2, 17, 137
What are the prime factors of 36546?
2, 3, 6091
List the prime factors of 3326.
2, 1663
List the prime factors of 3351.
3, 1117
What are the prime factors of 2403?
3, 89
List the prime factors of 19446.
2, 3, 7, 463
What are the prime factors of 1240?
2, 5, 31
What are the prime factors of 26?
2, 13
What are the prime factors of 12242?
2, 6121
What are the prime factors of 666?
2, 3, 37
List the prime factors of 6723.
3, 83
List the prime factors of 1685.
5, 337
What are the prime factors of 1821?
3, 607
List the prime factors of 96272.
2, 11, 547
What are the prime factors of 5793?
3, 1931
List the prime factors of 351.
3, 13
What are the prime factors of 3078?
2, 3, 19
List the prime factors of 81.
3
List the prime factors of 5608.
2, 701
List the prime factors of 8554.
2, 7, 13, 47
List the prime factors of 1047.
3, 349
List the prime factors of 29279.
19, 23, 67
List the prime factors of 1928.
2, 241
List the prime factors of 8000.
2, 5
List the prime factors of 12512.
2, 17, 23
What are the prime factors of 4266?
2, 3, 79
List the prime factors of 1887.
3, 17, 37
List the prime factors of 1184.
2, 37
List the prime factors of 122198.
2, 61099
What are the prime factors of 5040?
2, 3, 5, 7
List the prime factors of 76907.
76907
List the prime factors of 17238.
2, 3, 13, 17
What are the prime factors of 3794?
2, 7, 271
What are the prime factors of 12476?
2, 3119
List the prime factors of 21153.
